{"id":1194,"date":"2021-07-09T17:15:35","date_gmt":"2021-07-09T17:15:35","guid":{"rendered":"https:\/\/dsiedh.com\/?page_id=1194"},"modified":"2023-01-02T16:59:10","modified_gmt":"2023-01-02T14:59:10","slug":"missions","status":"publish","type":"page","link":"https:\/\/dsiedh.com\/index.php\/offre\/missions\/","title":{"rendered":"Missions &#038; Transition"},"content":{"rendered":"\n<h1>\n\t\tPasser le cap\n\t<\/h1>\n\t<p>Les missions permettent \u00e0 l&rsquo;organisation de renforcer ses \u00e9quipes par l&rsquo;apport des comp\u00e9tences et de l&rsquo;exp\u00e9rience d&rsquo;un DSI pour passer des \u00ab caps \u00bb dans la construction de son syst\u00e8me d&rsquo;information ou pour traverser une p\u00e9riode particuli\u00e8re (situation de crise, croissance, manque de personnel, absence de qualification&#8230;).<\/p>\n<h2>\n\t\tRecourir aux missions\n\t<\/h2>\n\t\t\t\t<img decoding=\"async\" src=\"http:\/\/dsiedh.com\/wp-content\/uploads\/2021\/07\/missions.png\" alt=\"missions\" itemprop=\"image\" title=\"missions\" onerror=\"this.style.display='none'\">\n\t\t\t\t<img decoding=\"async\" src=\"http:\/\/dsiedh.com\/wp-content\/uploads\/2021\/07\/checklist-clipboard-questionnaire-1622517.png\" alt=\"checklist, clipboard, questionnaire-1622517.jpg\" itemprop=\"image\" title=\"checklist-clipboard-questionnaire-1622517\" onerror=\"this.style.display='none'\">\n\t<h3>S\u00e9lection d&rsquo;outils et de prestataires<\/h3>\n<p>R\u00e9daction de cahier des charges, conduite du processus de s\u00e9lection d&rsquo;outils, choix de prestataires, n\u00e9gociation des contrats, &#8230;<\/p>\n\t\t\t\t<img decoding=\"async\" src=\"http:\/\/dsiedh.com\/wp-content\/uploads\/2021\/07\/project-management-planning-business-2738521.jpg\" alt=\"project management, planning, business-2738521.jpg\" itemprop=\"image\" title=\"project-management-planning-business-2738521\" onerror=\"this.style.display='none'\">\n\t<h3>Direction de projets de mise en oeuvre d&rsquo;outils m\u00e9tier<\/h3>\n<p>Planification du projet, visibilit\u00e9 aupr\u00e8s de la direction, animation des organes de pilotage, coordination des \u00e9quipes internes&#8230;<\/p>\n\t\t\t\t<img decoding=\"async\" src=\"http:\/\/dsiedh.com\/wp-content\/uploads\/2021\/07\/mark-marker-hand-516279.jpg\" alt=\"mark, marker, hand-516279.jpg\" itemprop=\"image\" title=\"mark-marker-hand-516279\" onerror=\"this.style.display='none'\">\n\t<h3>Organisation de la fonction SI<\/h3>\n<p>\u00adAudit, conception et mise en place de l&rsquo;organisation informatique (personnel internalis\u00e9 \/ en prestation)&#8230;<\/p>\n\t\t\t\t<img decoding=\"async\" src=\"http:\/\/dsiedh.com\/wp-content\/uploads\/2021\/07\/savings-budget-investment-2789112.jpg\" alt=\"savings, budget, investment-2789112.jpg\" itemprop=\"image\" title=\"savings-budget-investment-2789112\" onerror=\"this.style.display='none'\">\n\t<h3>Pilotage des budgets SI<\/h3>\n<p>\u00adMise en place d&rsquo;une approche budg\u00e9taire de l&rsquo;informatique (fonctionnement et investissement)<\/p>\n\t\t\t\t<img decoding=\"async\" src=\"http:\/\/dsiedh.com\/wp-content\/uploads\/2021\/07\/interview-people-symbol-1992447.png\" alt=\"interview, people, symbol-1992447.jpg\" itemprop=\"image\" title=\"interview-people-symbol-1992447\" onerror=\"this.style.display='none'\">\n\t<h3>Recrutement<\/h3>\n<p>\u00adRecrutement de personnel informatique interne (chef de projet, technicien support, administrateur syst\u00e8me\u2026) ou externe (h\u00e9bergeurs, support micro\u2026)<\/p>\n\t\t\t\t<img decoding=\"async\" src=\"https:\/\/lite.demos.wpbeaverbuilder.com\/wp-content\/uploads\/sites\/28\/2020\/02\/photo-1529119368496-2dfda6ec2804-768x768-2.jpg\" alt=\"\" itemprop=\"image\" onerror=\"this.style.display='none'\">\n\t<h3>Portefeuille des projets SI<\/h3>\n<p>D\u00e9finition du portefeuille des projets SI \u00e0 mener, priorisation et \u00e9valuation des co\u00fbts et de la complexit\u00e9 des projets&#8230;<\/p>\n\t\t\t\t<img decoding=\"async\" src=\"http:\/\/dsiedh.com\/wp-content\/uploads\/2021\/07\/le-management-de-transition.jpg\" alt=\"le-management-de-transition\" itemprop=\"image\" title=\"le-management-de-transition\" onerror=\"this.style.display='none'\">\n\t<h3>Transition<\/h3>\n<p>Assurer l&rsquo;int\u00e9rim du pilotage de l&rsquo;\u00e9quipe SI en l&rsquo;absence de pilote interne.<\/p>\n\t\t\t\t<img decoding=\"async\" src=\"http:\/\/dsiedh.com\/wp-content\/uploads\/2021\/07\/devenir-formateur.jpg\" alt=\"devenir-formateur\" itemprop=\"image\" title=\"devenir-formateur\" onerror=\"this.style.display='none'\">\n\t<h3>Formations<\/h3>\n<p>\u00adAccompagnement des instances de direction ou \u00e9quipes internes sur les sujets SI (enjeux du num\u00e9rique, cybers\u00e9curit\u00e9, gestion de projet informatique\u2026).<\/p>\n\t\t\t\t<img decoding=\"async\" src=\"http:\/\/dsiedh.com\/wp-content\/uploads\/2021\/07\/schema-directeur.jpg\" alt=\"schema-directeur\" itemprop=\"image\" title=\"schema-directeur\" onerror=\"this.style.display='none'\">\n\t<h3>Sch\u00e9ma directeur du SI<\/h3>\n<p>Elaboration du sch\u00e9ma directeur des syst\u00e8mes d&rsquo;information de l&rsquo;organisation.<\/p>\n<h2>\n\t\tPr\u00eat ?\n\t<\/h2>\n\t<p>Rencontrons-nous pour \u00e9changer et voyons comment nous pouvons vous aider \u00e0 piloter votre syst\u00e8me d&rsquo;information.<\/p>\n\t\t\t<a href=\"https:\/\/dsiedh.com\/index.php\/contact_form\/\" target=\"_blank\" role=\"button\" rel=\"noopener\">\n\t\t\t\t\t\t\tPrenons rendez-vous\n\t\t\t<\/a>\n","protected":false},"excerpt":{"rendered":"<p>Passer le cap Les missions permettent \u00e0 l&rsquo;organisation de renforcer ses \u00e9quipes par l&rsquo;apport des comp\u00e9tences et de l&rsquo;exp\u00e9rience d&rsquo;un DSI pour passer des \u00ab caps \u00bb dans la construction de son syst\u00e8me d&rsquo;information ou pour traverser une p\u00e9riode particuli\u00e8re (situation de crise, croissance, manque de personnel, absence de qualification&#8230;). Recourir aux missions S\u00e9lection d&rsquo;outils et de prestataires R\u00e9daction de [&hellip;]<\/p>\n","protected":false},"author":1,"featured_media":0,"parent":1184,"menu_order":0,"comment_status":"closed","ping_status":"closed","template":"","meta":{"om_disable_all_campaigns":false,"_monsterinsights_skip_tracking":false,"_monsterinsights_sitenote_active":false,"_monsterinsights_sitenote_note":"","_monsterinsights_sitenote_category":0,"footnotes":""},"class_list":["post-1194","page","type-page","status-publish","hentry"],"aioseo_notices":[],"_links":{"self":[{"href":"https:\/\/dsiedh.com\/index.php\/wp-json\/wp\/v2\/pages\/1194","targetHints":{"allow":["GET"]}}],"collection":[{"href":"https:\/\/dsiedh.com\/index.php\/wp-json\/wp\/v2\/pages"}],"about":[{"href":"https:\/\/dsiedh.com\/index.php\/wp-json\/wp\/v2\/types\/page"}],"author":[{"embeddable":true,"href":"https:\/\/dsiedh.com\/index.php\/wp-json\/wp\/v2\/users\/1"}],"replies":[{"embeddable":true,"href":"https:\/\/dsiedh.com\/index.php\/wp-json\/wp\/v2\/comments?post=1194"}],"version-history":[{"count":14,"href":"https:\/\/dsiedh.com\/index.php\/wp-json\/wp\/v2\/pages\/1194\/revisions"}],"predecessor-version":[{"id":1392,"href":"https:\/\/dsiedh.com\/index.php\/wp-json\/wp\/v2\/pages\/1194\/revisions\/1392"}],"up":[{"embeddable":true,"href":"https:\/\/dsiedh.com\/index.php\/wp-json\/wp\/v2\/pages\/1184"}],"wp:attachment":[{"href":"https:\/\/dsiedh.com\/index.php\/wp-json\/wp\/v2\/media?parent=1194"}],"curies":[{"name":"wp","href":"https:\/\/api.w.org\/{rel}","templated":true}]}}